**2 + 2*a - 15. Let o be r(3). Suppose o = -7*j + 938 + 903. What is the hundreds digit of j?
2
Suppose 30*o - 51788 = 8182. What is the thousands digit of o?
1
Suppose z - 266 = 66. What is the hundreds digit of z?
3
Let a = 706 + -92. What is the tens digit of a?
1
Suppose 13*u + 28 = -50. What is the units digit of (u/(-7))/(3*7/588)?
4
Let l = 914 + 189. What is the thousands digit of l?
1
Let z = -12 + 6. Let x be (z/4)/(5/(-10)). Suppose -x*l + 61 = -2. What is the units digit of l?
1
Suppose -25*t + 22*t + 5*f + 5780 = 0, 4*f + 1929 = t. What is the hundreds digit of t?
9
Let x be 6*(-3)/(-12)*-2. Let z = -15 - -2. Let u = x - z. What is the tens digit of u?
1
Suppose 32*h + 3968 = 36*h. What is the hundreds digit of h?
9
Let n(u) = 14*u - 1. Suppose -5 = p + 2. Let k be (2 - 16/7)*p. What is the tens digit of n(k)?
2
Let u(z) = -z**3 - z**2 - z + 1706. What is the tens digit of u(0)?
0
Let v be (0/(-3))/(0 + -2). Suppose 0 = -v*c - 5*c + 320. Suppose 5*d - 46 - c = 0. What is the tens digit of d?
2
Let k(b) = -b**2 - b + 10. Let o be k(0). Let p = -6 + o. What is the units digit of (p/(-12))/((-1)/3)?
1
Suppose 12*m = 1317 + 2739. What is the tens digit of m?
3
Suppose -31*r = -25*r - 2370. Suppose 0 = 6*a - r - 763. What is the hundreds digit of a?
1
Let h = 80 + -78. Suppose -2*b - 8 = 0, 4*b = 5*p + h*b - 758. What is the units digit of p?
0
What is the thousands digit of (-279036)/(-252) + (-4)/14?
1
Suppose 6*o - 974 = 460. What is the units digit of o?
9
Let u = 74 - 71. What is the units digit of u*(-4)/48 + (-1186)/(-8)?
8
Let r(t) = -t**2 + 18*t + 13. What is the units digit of r(9)?
4
Let v(j) = 4*j**2 + 6*j - 2. Let u be v(5). Suppose -2*c = -2*s + u, 2*c + 10 = -s + 71. What is the units digit of s?
3
Let i = 80 - 33. What is the tens digit of 4 - (-1 - i) - -2?
5
Let y(v) be the third derivative of v**5/60 + v**4/24 - 4*v**2. Let c be y(-2). Suppose -8 + c = -2*f. What is the units digit of f?
3
Suppose 2*m = n - 3679, -2*n = -m - 4*m - 7353. What is the hundreds digit of n?
6
Let c be 1/3*2*-3. Let k be (-20)/((c - 2)/(-24)). What is the units digit of k/16*(-8)/10?
6
Suppose -116 = 7*h - 3*h - 2*n, -4*h + 3*n = 116. Let y = 76 + -37. Let r = y + h. What is the units digit of r?
0
Suppose -2*a - a = -30. Suppose 5*m - 30 = n, -2*m + 4*n + 27 + 3 = 0. Suppose -a*s + m*s + 140 = 0. What is the tens digit of s?
2
Suppose 4*f = 3*k - 7*k - 48, -2*k = 2. Let p(q) = -q**2 - 15*q - 25. What is the tens digit of p(f)?
1
Suppose 5*j + 13 + 12 = 0, 3*i + 34 = -5*j. Let h be 1/((i + -1)/(-12)). What is the units digit of (8 - 7)*(h - 2)?
1
Suppose -27 = a + 2*a. Let p(y) = -y**2 + y + 3. Let t(q) = 3*q**2 + 11*q + 5. Let g(z) = -2*p(z) - t(z). What is the units digit of g(a)?
5
What is the hundreds digit of (4/(-3) + 1)/(17/(-72573))?
4
Let i = -12 + 17. Suppose -b + i*x - 15 = 0, -3*b + 2*x = -5*b + 6. Suppose b = -5*u - 0*u + 70. What is the units digit of u?
4
Let c be ((-3)/(-2))/(-4 - 145/(-40)). What is the units digit of (c + 5)/((-2)/(-20))?
0
Let c be (0 + (-48)/(-2))*3. Suppose 4*i = -4*w + c, -3*i + 5*i = -4*w + 42. Suppose 0 = -3*u - 5*s + i, -4 = -u + s + 1. What is the units digit of u?
5
Let p(a) = a + 5. Let d be (9/6)/(12/80). What is the tens digit of p(d)?
1
Let t(y) = y**3 + 4*y**2 - y + 157. What is the hundreds digit of t(0)?
1
Suppose 0 = 3*d - 2*m - 78, -4*d - 4*m + 84 = -0*d. What is the units digit of 0 - 4 - d/(-3)?
4
Suppose 6*m = 2*m. Suppose m = -o - 4*k + 12, -k + 6 = k. Suppose o = -2*q - 3*q + 80. What is the tens digit of q?
1
Let k = -327 - -560. What is the hundreds digit of k?
2
Let v(i) = 10*i**2 + 7*i + 31. What is the units digit of v(-6)?
9
Let m = -16 + 24. Let y be m/(-10)*(3 + 2). What is the units digit of 0 + 1 + (-1 - y)?
4
Let r be (-8)/36 - (-52)/(-9). Let x(w) = w**3 + w. Let k(a) = 4*a**3 + 5*a**2 - 2*a - 9. Let t(j) = -k(j) + 3*x(j). What is the units digit of t(r)?
5
Suppose -58 + 10 = -4*p. What is the units digit of 2*2/24 + 550/p?
6
Suppose -4*w = -5*w. Suppose -t + 87 = 2*h, 3*h + w*h - 117 = 3*t. What is the tens digit of h?
4
Suppose -1172 - 36 = -2*r. What is the units digit of r?
4
Let q = 128 - 130. Let s(x) be the second derivative of -x**5/5 + x**4/6 - x**3/3 - 2*x**2 + 3*x. What is the units digit of s(q)?
0
Let k(o) = o**3 + 28*o**2 - 27*o + 59. What is the units digit of k(-29)?
1
Let v be (-1 - 0/4)/((-3)/(-1353)). Let s = v + 777. What is the units digit of s?
6
Suppose 5*b - 4*n = -22, 16 - 5 = 2*b + 5*n. What is the tens digit of 1*b - (-315)/9?
3
Suppose 28*w - 8*w = 20160. What is the units digit of w?
8
Let d = 15 + -10. Suppose 0 = -3*x - 0*w + 2*w - 58, x = -d*w + 9. Let z = x + 22. What is the units digit of z?
6
Let h(j) = -j**3 - 7*j**2 - 2*j - 9. Let l be h(-7). Suppose x + 192 = l*x. Suppose -o - 5*s + 5 = 1, 0 = -4*o - 4*s + x. What is the tens digit of o?
1
Suppose -f + 195 = -5*u, u - f = -0*f - 39. Let s = u - -78. What is the units digit of s?
9
Suppose o - 9 = g + 2*g, -2*g = -2*o + 2. Let l(d) = -14*d - 3. What is the units digit of l(o)?
9
Let d be (-3)/(63/1293) - (-15)/(-35). Let c = d - -155. What is the units digit of c?
3
Let f(a) be the first derivative of -a**2/2 + 4*a - 6. Suppose -1 = 2*s + t, 0 = 5*s + 2*t + 1 - 0. What is the units digit of f(s)?
3
Let j = -18 + 20. Suppose 0 = 2*n + 3*p - 67, -j*p - 3*p = -25. What is the units digit of (-230)/(-18) - n/(-117)?
3
Suppose 0 = -7*s + 5*s - 136. Let c = 167 - s. What is the tens digit of c?
3
Suppose -22*t + 35*t - 3302 = 0. What is the hundreds digit of t?
2
Let f(j) be the third derivative of -j**6/120 + 7*j**5/60 - 5*j**4/24 - j**3/3 - 10*j**2. What is the units digit of f(5)?
3
Suppose n = -5*c + 7*c - 595, 3*n + 601 = 2*c. What is the tens digit of c?
9
Let m(p) be the third derivative of p**7/360 - p**6/720 - p**5/20 + 5*p**2. Let v(o) be the third derivative of m(o). What is the tens digit of v(1)?
1
What is the units digit of (-166*(-30)/(-14))/((-1)/7)?
0
Let g = -3308 + 6189. What is the thousands digit of g?
2
Let x = 953 + -423. What is the hundreds digit of x?
5
Let m(t) = -t**3 + 4*t**2 + 5*t + 7. What is the units digit of m(5)?
7
Suppose 0 = 3*j + s - 899, 3*j - 4*s - 923 = s. What is the tens digit of j?
0
Suppose -3*t + 957 = -g + 6*g, -4*g + 772 = -4*t. What is the hundreds digit of g?
1
Suppose 16*a = 15397 + 603. What is the hundreds digit of a?
0
Let c(h) = -4*h - 37. Let o be c(-10). Suppose 2*w = 5*g - 698, -o*g + 0*g + 5*w = -434. What is the tens digit of g?
3
Let b(l) = -l**3 + 4*l**2 - l + 8. Let n be b(4). Let j be n/(-3)*54/6. What is the units digit of 16/j*-3*17?
8
Let y(n) = -n**3 - 20*n**2 + 7*n + 60. What is the tens digit of y(-22)?
7
Suppose 0 = a - 1170 - 232. What is the thousands digit of a?
1
Let q be 3 - ((-8)/(-4))/2. Suppose -2*n - 4 = -4*b + 56, 5*b + 3*n = 53. Suppose v - b = -q*a, -3*v = -a - 3*a - 9. What is the units digit of v?
7
Let g(n) = 10*n + 20. Suppose -8 = 4*b - 5*b. What is the units digit of g(b)?
0
Let c(v) = v**2 + v - 3. Let l = 5 + 1. What is the tens digit of c(l)?
3
Suppose -5*v = 252 + 48. What is the tens digit of 3*(-4)/12*v?
6
Let g = 3 + -1. Suppose -g = -7*t + 9*t. Let b = 6 - t. What is the units digit of b?
7
Let u(j) = -7*j + 6 - j**2 - 4*j - 3*j - 14. Let w be u(-13). Suppose x + g = -g + 14, w*x + g - 43 = 0. What is the units digit of x?
8
Suppose -3*n - 3 = -0*n. Let o(w) = 92*w**2 - w - 1. What is the units digit of o(n)?
2
What is the hundreds digit of -1 + 2 - (3360/(-7) + -2)?
4
Suppose -2 = -3*a + 5*w, -6 = -a - 4*w + 6. Suppose -a*b + 2*b + 76 = 0. What is the units digit of b?
8
Let a(c) = -c. Let f be a(-3). Let r be (1/f)/((-3)/(-18)). Suppose r*j = -1 + 7. What is the units digit of j?
3
Let s(m) = -46*m - 2. Let g be s(-3). Suppose 3*v - g = -5*u, 5*u - 70 + 298 = 4*v. What is the tens digit of v?
5
Suppose 389 = 4*r - 151. What is the hundreds digit of r?
1
Suppose -3821 = -4*i - 5*a, i - 1909 = -i - 3*a. What is the hundreds digit of i?
9
Suppose -w + 2*o + 13 = 0, 5*o = 3*w + 5 - 39. Suppose 0 = 3*r + w*u - 360, 2*u + 261 = 2*r + 29. What is the tens digit of r?
1
Let c = 141 - 252. Let a = c - -230. What is the hundreds digit of a?
1
Let k(g) = -7 + 2 - 3 - 3*g - g**3 + g + 13*g**2. Let t 